23 - -4?
-56674619
In base 14, what is -5c0 + -787?
-d67
In base 10, what is -882 + -7130?
-8012
In base 10, what is -1234729 - 14?
-1234743
In base 15, what is 31e03 - -272?
32175
In base 6, what is 2 - -1120100100?
1120100102
In base 12, what is 4 - -737816?
73781a
In base 11, what is 0 - 79aa01?
-79aa01
In base 9, what is -5035133 + -24?
-5035157
In base 9, what is 1352787 - -7?
1352805
In base 3, what is -21220201 - -10100?
-21210101
In base 15, what is -a + -2b7ede?
-2b7ee9
In base 2, what is -1010110011001000010 - -101?
-1010110011000111101
In base 7, what is -11411 - -150630?
136216
In base 13, what is 61c9 + -14a?
607c
In base 13, what is 1341775 + 25?
134179a
In base 6, what is -1110105140 - 3?
-1110105143
In base 8, what is -32 + -2234507?
-2234541
In base 2, what is -1100010000000111110110010 + 11?
-1100010000000111110101111
In base 3, what is 1111022211012 + -201?
1111022210111
In base 8, what is 51060 + -5553?
43305
In base 2, what is -11110111001101 - -10100100011?
-11100010101010
In base 8, what is -3 - 254647371?
-254647374
In base 15, what is 2 + 50b168e?
50b1691
In base 8, what is -147 - -733006?
732637
In base 3, what is 10 + 12222202022212?
12222202022222
In base 15, what is -2 + -17b1d6d?
-17b1d70
In base 5, what is 4 - -1043300122?
1043300131
In base 9, what is -1086 - 67735?
-68832
In base 2, what is 10000 + -100100101100110011101?
-100100101100110001101
In base 6, what is 53 + 113405042?
113405135
In base 5, what is -311132213 + 44?
-311132114
In base 13, what is -51 - -1bc6bb?
1bc66a
In base 3, what is -11110122 + -21200202?
-110011101
In base 3, what is -101 - 11001212002021012?
-11001212002021120
In base 10, what is 2 + 226707762?
226707764
In base 4, what is -30121 - -10222230?
10132103
In base 10, what is -32437044 - -3?
-32437041
In base 2, what is -111010001001000100100100011 + -10?
-111010001001000100100100101
In base 12, what is -2532a2783 + 5?
-2532a277a
In base 10, what is 17 - -274881?
274898
In base 3, what is -1001222002020 + -10?
-1001222002100
In base 13, what is 20c79811 - -2?
20c79813
In base 15, what is -19425b + 18?
-194243
In base 7, what is -335032 + -1664?
-340026
In base 13, what is -a - -5a55c3a?
5a55c30
In base 16, what is -c6de3 - 13f?
-c6f22
In base 12, what is -30a + 7179?
6a6b
In base 12, what is -27368 + -5b0?
-27958
In base 11, what is 2234a + -7611?
15839
In base 7, what is 603254 - -1664?
605251
In base 11, what is 0 - -17651407?
17651407
In base 10, what is 11 - -1380981?
1380992
In base 2, what is 110100111010 - 10111100001?
11101011001
In base 8, what is -1566557 + 1135?
-1565422
In base 10, what is -3 - 1512583?
-1512586
In base 10, what is 527175 - 20?
527155
In base 15, what is 1 - 2dea35?
-2dea34
In base 9, what is 258 - 62?
186
In base 13, what is -292 + 2401?
213c
In base 5, what is -4 + 41310233000?
41310232441
In base 9, what is 576 - -153526?
154213
In base 5, what is -22201 - -242422?
220221
In base 9, what is 1 + 47475562?
47475563
In base 2, what is 11 + -10111110101011101011100?
-10111110101011101011001
In base 15, what is 5 - -6724b3a?
6724b40
In base 3, what is 12 + 12221111200102?
12221111200121
In base 11, what is 165915727 + 0?
165915727
In base 2, what is -111111 - 1000100110011010010?
-1000100110100010001
In base 12, what is 50a83 - b3?
50990
In base 11, what is -4314 - 211a?
-6433
In base 7, what is 2126 + 4504026?
4506155
In base 16, what is -300d + 7a7?
-2866
In base 13, what is -1a695b1 + 1?
-1a695b0
In base 9, what is -854 + 5067?
4113
In base 15, what is 44a + 1331e?
13769
In base 3, what is 1 - 20200011222011112?
-20200011222011111
In base 9, what is 1877473 - -31?
1877514
In base 12, what is a885b + -a79?
a79a2
In base 4, what is 11 - 23032311333?
-23032311322
In base 8, what is -2453000 - 36?
-2453036
In base 8, what is 52 + 25523630?
25523702
In base 10, what is -790 + 151124?
150334
In base 9, what is 57 + -188142?
-188074
In base 6, what is 1 - 511150413?
-511150412
In base 7, what is -4 + 2002125026?
2002125022
In base 2, what is 100111110100111110000110011 + -100?
100111110100111110000101111
In base 3, what is -1 - -21112011020100?
21112011020022
In base 10, what is 13 - 1159869?
-1159856
In base 8, what is -7 - -5753704?
5753675
In base 14, what is 3 + 2c088db?
2c08900
In base 2, what is -11011100011110001 - -10001011?
-11011100001100110
In base 15, what is 10 - 2e5c8d?
-2e5c7d
In base 6, what is 10504120435 + 0?
10504120435
In base 10, what is 381624 - 46?
381578
In base 11, what is 2 - -117a7643?
117a7645
In base 15, what is -c + -ccbb5?
-ccbc2
In base 3, what is -211212220222202 - 1200?
-211212221001102
In base 13, what is 1044 - -1806?
284a
In base 8, what is -1423012 + 50?
-1422742
In base 10, what is 169 - 42032?
-41863
In base 12, what is 41471 + 611?
41a82
In base 7, what is -1030005 + -2665?
-1033003
In base 4, what is 2003102300 + -32?
2003102202
In base 16, what is 2 + 51ea?
51ec
In base 15, what is -1e577 - 16?
-1e58d
In base 11, what is 527a0 - -438?
53128
In base 3, what is -20200112 - -12002022?
-1121020
In base 9, what is -1 + 472212?
472211
In base 8, what is 1 + -65357644?
-65357643
In base 9, what is -104 - 2377807?
-2378012
In base 13, what is 173 + 589a1?
58b44
In base 10, what is -15086 - 28?
-15114
In base 3, what is -12100200100202 + -101?
-12100200101010
In base 8, what is -16416403 + 6?
-16416375
In base 4, what is 21 + -1212213132201?
-1212213132120
In base 5, what is 11442232343 - -3?
11442232401
In base 14, what is 135952a + -76?
1359494
In base 7, what is -3125512 + -403?
-3126215
In base 3, what is 11 + 121012222011120?
121012222011201
In base 16, what is 1910 - -6053?
7963
In base 16, what is be + -696d?
-68af
In base 15, what is 59b698ec - -2?
59b698ee
In base 13, what is -42b2b - 1?
-42b2c
In base 10, what is -39174 - 3967?
-43141
In base 14, what is -cdd146a - -3?
-cdd1467
In base 8, what is 176 - 13171044?
-13170646
In base 5, what is 2 + -1241140431?
-1241140424
In base 4, what is -3301310012030 - 11?
-3301310012101
In base 15, what is -3b5c5a + -4?
-3b5c5e
In base 6, what is -230 - 30334?
-31004
In base 10, what is 48 - -227164?
227212
In base 16, what is -395e + -337?
-3c95
In base 5, what is -10202302431 - -3?
-10202302423
In base 2, what is -10011110000100100 + -10000111?
-10011110010101011
In base 8, what is -30 - -22704575?
22704545
In base 7, what is 2046 - 16631203?
-16626124
In base 12, what is 4 + -22047813?
-2204780b
In base 9, what is -24 - 18443640?
-18443664
In base 9, what is 221 + -82154?
-81833
In base 11, what is -4 - -244854?
244850
In base 14, what is -1c - -43655?
43637
In base 12, what is -376867 - -1a?
-376849
In base 5, what is -240 - -11210144321?
11210144031
In base 16, what is 0 + 8498998?
8498998
In base 16, what is -244dd21 - -3?
-244dd1e
In base 15, what is 4 + -24b958a?
-24b9586
In base 16, what is -4c + 298c3?
29877
In base 9, what is -4 + 146303743?
146303738
In base 11, what is 57 - 2071a8?
-207151
In base 13, what is 2c205c75 + -3?
2c205c72
In base 3, what is 0 + -1011122021120?
-1011122021120
In base 16, what is 4e7 + 6b08?
6fef
In base 10, what is 8 + 24403?
24411
In base 6, what is -141303213150 - 3?
-141303213153
In base 15, what is -631511 - -3?
-63150d
In base 11, what is -5927 + 475a?
-1178
In base 14, what is 12 + 572d1a?
572d2c
In base 16, what is 8083fd + 6?
808403
In base 16, what is 198 - 37fe?
-3666
In base 7, what is -5304 - -343?
-4631
In base 16, what is -12345 + -1a9?
-124ee
In base 10, what is 4 - 2517606?
-2517602
In base 2, what is -11010110 + -10011010110101011?
-10011011010000001
In base 7, what is -1 - 216211500?
-216211501
In base 15, what is -8 + -a48c30?
-a48c38
In base 7, what is -15114 + -50142?
-65256
In base 9, what is -1103123 + 1283?
-1101730
In base 4, what is 100133201 + -1302?
100131233
In base 9, what is -4 + 12126674?
12126670
In base 16, what is 2ecc + 2dc?
31a8
In base 12, what is -5 + -7011a8?
-7011b1
In base 4, what is -101 + -10013333320122?
-10013333320223
In base 6, what is -12535 + -25411?
-42350
In base 4, what is -23 + 101113102323?
101113102300
In base 11, what is -7 + 2a1918?
2a1911
In base 6, what is 334552501552 + 3?
334552501555
In base 2, what is 1101011110100111000011 - -11?
1101011110100111000110
In base 9, what is -636